 Let m = 37036 - 36976. What is the remainder when m is divided by x?
28
Let x = -6734 + 6981. What is the remainder when 257 is divided by x?
10
Let o = -15076 + 15432. Calculate the remainder when o is divided by 169.
18
Let q(x) = x**3 + 72*x**2 + 35*x + 2541. Calculate the remainder when 3523 is divided by q(-72).
16
Suppose -982 = -95*i + 5288. Calculate the remainder when 232 is divided by i.
34
Let y be 186/1302 + (-22)/28*4. Let h(a) = -a**3 - 5*a**2 - 5*a - 7. Let o be h(-5). Calculate the remainder when 23/y*o/(-6) is divided by 6.
5
Suppose -4*a + j = 2*j + 9, -5*j = 5*a + 30. Let b be ((-68)/(-1) + 0)*a. Let w = b + 97. What is the remainder when 84 is divided by w?
26
Let j(b) = -4*b - 66. Let l be j(-17). What is the remainder when ((-170)/20 - -8)/(l/(-192)) is divided by 13?
9
Let p = 128 + 210. What is the remainder when 1017 is divided by p?
3
Suppose -3*r + 5*z + 46 = 0, -38 + 76 = 2*r + 4*z. Suppose 0*q - 13 = q. Let h = q + 28. What is the remainder when r is divided by h?
2
Let q = -32900 + 38379. Calculate the remainder when q is divided by 392.
383
Suppose -c - 2*b + 1 = 0, -5*c - 4*b = -9*b - 80. What is the remainder when -8*(-13)/(52/16) is divided by c?
10
Suppose -4*o = 5*i - 3388, 1876*i - o = 1879*i - 2030. What is the remainder when i is divided by 17?
13
Let i be -12*(-3 + 4 + (-8)/4). Suppose 42 = 6*p + i. Suppose -5*d + 37 = -8. What is the remainder when d is divided by p?
4
Let q(w) = -w + 749 - 812 + w + 6*w. Calculate the remainder when 57 is divided by q(14).
15
Let j = 498 - 499. Calculate the remainder when -144*((-30)/24 - j/(-4)) is divided by 55.
51
Let r(w) be the second derivative of -2/3*w**3 - 6*w**2 - 13*w + 0. Calculate the remainder when 15 is divided by r(-4).
3
Let k(b) = -b**3 + 13*b**2 - 33*b + 166. What is the remainder when 944 is divided by k(11)?
44
Let b(r) = 20*r + 28. Let c be b(7). Let x = 174 - c. What is the remainder when 47 is divided by x?
5
Let z(a) = -a**3 + 8*a**2 - 21*a - 12. What is the remainder when z(-8) is divided by 34?
24
Suppose 10*b = 775 + 1005. Suppose 51*k - 535 = -b. Calculate the remainder when 45 is divided by k.
3
Let c(b) be the first derivative of b**4/2 + 4*b**3/3 + b**2/2 + 37*b - 125. Calculate the remainder when 110 is divided by c(0).
36
Let r = 10 - 77. Suppose -39*y = -41*y - 62. Let d = y - r. Calculate the remainder when 105 is divided by d.
33
Calculate the remainder when ((-3662064)/1080)/(4/(-10)) is divided by 257.
253
Suppose 0 = 2*z - 89 - 57. Calculate the remainder when z is divided by (534/(-445))/(2/(-65)).
34
Let c(d) = -d + 2. Suppose -12*k - 18 = -15*k. Let x be c(k). Calculate the remainder when 36 is divided by x + -4 + 20 + -2.
6
Suppose -4 = -7*o - 4. Suppose o = -5*j + 288 + 102. What is the remainder when j - (4/16*0)/(-4) is divided by 40?
38
Let s(l) = 174*l - 797. What is the remainder when 288 is divided by s(5)?
69
Suppose -260*p - 4*t - 6018 = -262*p, -9 = -3*t. Calculate the remainder when p is divided by 1499.
17
Let f(h) = 8*h**2 + 7*h - 6. Let v be f(7). Suppose 17*j + 67 = i + 15*j, j = 3*i - 191. Suppose 3*m - i = v. Calculate the remainder when m is divided by 24.
22
Suppose -12 = -4*v - 120. Let u = v - -32. Suppose 0 = -u*i + 20, -4*b - i + 2*i = -20. Calculate the remainder when 17 is divided by b.
5
Let z(v) = -1345*v - 1217. What is the remainder when z(-3) is divided by 60?
58
Let a(d) be the second derivative of 4*d**3/3 - 45*d**2/2 - 12*d. Suppose -3*g - 27 + 63 = 0. What is the remainder when a(g) is divided by 18?
15
Suppose -2*p = -4*f, 5*f = -3*p - p + 39. Suppose 7*d - 8*d + p = 0. Calculate the remainder when 11 is divided by d.
5
Suppose 6*l - 30 = 58 - 10. What is the remainder when l is divided by 13?
0
Let j(i) = 6*i**2 + 11*i - 2. Suppose 7 = -p + 4*p - a, -3*p = 3*a - 3. Calculate the remainder when 85 is divided by j(p).
41
Suppose -o + 2*o = 3*g + 11, -2*o - 3*g = 5. Let q(z) = 5*z**2 - 2*z + 3. Suppose 5 = 8*y - 3. What is the remainder when q(y) is divided by o?
0
Suppose 89*i + 202*i + 662745 = 2750088. What is the remainder when i is divided by 34?
33
What is the remainder when 99 is divided by (1/16*12)/(2/(-112))*-2?
15
Let m(y) = 205*y + 47. Let w be m(3). Let r = w - 645. Suppose 5*j - 53 = 112. Calculate the remainder when j is divided by r.
16
Suppose 4*k + 8 = -5*d, -14*d + 11*d - k = 9. What is the remainder when 76 is divided by d/((-1)/(49/28))?
6
Let b = 38 - 39. Let f be -2 - b/(-1) - -6. Calculate the remainder when 77 is divided by (6/f)/1 + 1 + 17.
17
Let l(k) = 28*k + 1. Let i(b) = -b**3 - b**2 - 15*b - 25. Let r be (-43)/15 - 136/1020. What is the remainder when l(4) is divided by i(r)?
37
Let c = 63 - 53. Let g(w) = w**3 - 8*w**2 - 4*w - 24. Let t be g(c). Let m = t + -89. Calculate the remainder when m is divided by 10.
7
Let i be ((-2)/(-5))/((-2)/(-20)). What is the remainder when 254/i - (-1)/2 is divided by ((-76)/2)/(56 + -106 + 48)?
7
Suppose 0 = 4*h - 4*c - 8, h = -5*c - 4 - 6. Suppose 4*r - 27 + 7 = h. Calculate the remainder when 125/3 - 6/45*r is divided by 22.
19
Suppose -3*j - 5*a + 164 = 0, 0 = -4*j - 2*a + 145 + 69. Let s = 201 - 320. Let m = s + 133. What is the remainder when j is divided by m?
11
Let b = 52 + -42. Suppose 6*r = b*r - 16. Suppose -r*f = -10*f + 486. What is the remainder when f is divided by 21?
18
Suppose -8*b - 66 = -306. Let c = 62 + -36. Suppose c*j + 8 = 27*j. What is the remainder when b is divided by j?
6
Let k = 4164 - 4138. What is the remainder when 50/2*51/17 is divided by k?
23
Let q = 2588 + -2520. Calculate the remainder when 487 is divided by q.
11
Suppose -8*l + 12*l = 4*x - 456, 2*x - 2 = 0. Let o = -43 - l. Calculate the remainder when o is divided by 17.
2
Suppose 5*f - 2*d = 76, -3*d = 2*f - 2*d - 25. Suppose 5*z = f*z - 360. Let p = -9 - -15. Calculate the remainder when z is divided by p.
4
Let q(h) = -5*h - 31. Let d be ((-1)/(-2))/(10/(-200)). What is the remainder when 49 is divided by q(d)?
11
Let z = -26 + 36. Calculate the remainder when 68 - -4*(18 + -17) is divided by (z*1)/(8/12).
12
Let f(c) = -c**3 - 4*c**2 + 5. Let r be f(-4). Suppose 3*g = r*g - 38. Suppose 4262 = 10*s + 3332. What is the remainder when s is divided by g?
17
Let k be (-17)/((-187)/(-33)) - (-170)/(-2). Calculate the remainder when 36 is divided by (-1248)/k - (-10)/(-55).
8
Suppose 20*m - 1 = 19*m. Let u(l) = -37*l**3 + l**2 - l + 1. Let b be u(m). Calculate the remainder when 72 is divided by 150/8 - 9/b.
15
Suppose 18 = -69*q + 73*q + 2*r, -q + 36 = -4*r. Calculate the remainder when 521 is divided by q.
1
Suppose -14*g - 48 = -6. Let p be (-3 - 0)*8/36*g. Suppose p*s - 4*r - 36 = -3*r, -2*s + 40 = r. Calculate the remainder when 30 is divided by s.
11
Suppose 0 = -n - 5*b + 1198, 0 = -3*n - b + 4178 - 514. What is the remainder when n is divided by 49?
47
Suppose -4*m = b - 148 - 68, 0 = b - 2*m - 216. What is the remainder when b is divided by 90?
36
Let z = 5 - 0. Let p = 79 + -224. Let y = 149 + p. What is the remainder when z is divided by y?
1
Calculate the remainder when 385 is divided by 21/12*70 - 27/18.
22
Let z = -378 - -378. Suppose -c + 44 - 25 = z. Calculate the remainder when 27 is divided by c.
8
Suppose 0 = -3*b + 4*f - 6*f + 35, 19 = 3*b - 2*f. What is the remainder when 5404 is divided by b?
4
Suppose 0 = -5*z + t + 78, -z + 3*t - 2 + 12 = 0. Let p be 43/5 - (-24)/(-40). Calculate the remainder when 25 - (3 + 1 - p) is divided by z.
13
Suppose 0 = -4*b + 97 + 19. Let y = -5032 + 5072. What is the remainder when y is divided by b?
11
Suppose 1414*y - 1382*y = 4480. What is the remainder when 294 is divided by y?
14
Let q(i) = -i**3 - 2*i**2 + 3*i + 114. Let z be q(0). Suppose -3*a = -9*a + z. Calculate the remainder when 47 is divided by a.
9
Suppose 3*j + 14 = -5*w, -10 = 5*j + w + 4*w. Suppose 0*a + 139 = j*i - a, 3*a + 216 = 3*i. What is the remainder when 193 is divided by i?
59
Let z(c) = -36*c - 5. Let n(k) = -k**2 + 3*k - 5. Let r be n(2). Calculate the remainder when z(r) is divided by (30/35)/(32/448).
7
Let j(s) = s**2 + s + 135. What is the remainder when j(12) is divided by 27?
21
Let g = 1334 + -1100. Calculate the remainder when 718 is divided by g.
16
Suppose -14*l + 70 = -84. Calculate the remain